{"id":27,"date":"2013-01-28T23:21:34","date_gmt":"2013-01-28T22:21:34","guid":{"rendered":"http:\/\/morinoorchester.wordpress.com\/?page_id=27"},"modified":"2013-04-21T22:12:24","modified_gmt":"2013-04-21T20:12:24","slug":"erfolge","status":"publish","type":"page","link":"https:\/\/morino-orchester.net\/?page_id=27","title":{"rendered":"Erfolge"},"content":{"rendered":"<table border=\"0\" cellpadding=\"1\">\n<tbody>\n<tr>\n<td colspan=\"4\">Nicht nur, dass uns allen das gemeinsame Musizieren viel Spa\u00df bereitet. Wir waren und sind auch einfach gut. Deshalb konnten wir schon einige Preise gewinnen, auf die wir nat\u00fcrlich stolz sind.<\/td>\n<\/tr>\n<tr>\n<td><b>Jahr<\/b><\/td>\n<td><b>Platzierung<\/b><\/td>\n<td><b>Kategorie<\/b><\/td>\n<td><b>Pr\u00e4dikat<\/b><\/td>\n<\/tr>\n<tr valign=\"top\">\n<td>1977<\/td>\n<td><b>2.Preis<\/b><\/td>\n<td>Hauptstufe beim Tag der Harmonika in Wels<\/td>\n<td>Pr\u00e4dikat &#8220;<b>ausgezeichnet<\/b>&#8220;<\/td>\n<\/tr>\n<tr valign=\"top\">\n<td>1981<\/td>\n<td><b>1.Preis<\/b><\/td>\n<td>Oberstufe beim Tag der Harmonika in Hallein<\/td>\n<td>Pr\u00e4dikat &#8220;<b>hervorragend<\/b>&#8220;<\/td>\n<\/tr>\n<tr valign=\"top\">\n<td>1983<\/td>\n<td><b>2.Preis<\/b><\/td>\n<td>Oberstufe beim Tag der Harmonika in Gmunden<\/td>\n<td>Pr\u00e4dikat &#8220;<b>ausgezeichnet<\/b>&#8220;<\/td>\n<\/tr>\n<tr valign=\"top\">\n<td>1983<\/td>\n<td><b>5.Platz<\/b><\/td>\n<td>Oberstufe beim Harmonikafestival in Innsbruck<\/td>\n<td>Pr\u00e4dikat &#8220;<b>ausgezeichnet<\/b>&#8220;<\/td>\n<\/tr>\n<tr valign=\"top\">\n<td>1985<\/td>\n<td><b>2.Preis<\/b><\/td>\n<td>Oberstufe beim Tag der Harmonika in Saalfelden<\/td>\n<td>Pr\u00e4dikat &#8220;<b>ausgezeichnet<\/b>&#8220;<\/td>\n<\/tr>\n<tr valign=\"top\">\n<td>1986<\/td>\n<td><b>5.Platz<\/b><\/td>\n<td>Kunststufe beim Harmonikafestival in Innsbruck<\/td>\n<td>Pr\u00e4dikat &#8220;<b>sehr gut<\/b>&#8220;<\/td>\n<\/tr>\n<tr valign=\"top\">\n<td>1993<\/td>\n<td><b>1.Preis<\/b><\/td>\n<td>Oberstufe beim Tag der Harmonika in Judenburg<\/td>\n<td>Pr\u00e4dikat &#8220;<b>hervorragend<\/b>&#8220;<\/td>\n<\/tr>\n<tr valign=\"top\">\n<td>1995<\/td>\n<td><b>1.Preis<\/b><\/td>\n<td>Kunststufe beim Tag der Harmonika in F\u00fcrstenfeld<\/td>\n<td>Pr\u00e4dikat &#8220;<b>ausgezeichnet<\/b>&#8220;<\/td>\n<\/tr>\n<tr valign=\"top\">\n<td>2000<\/td>\n<td><b>1.Preis<\/b><\/td>\n<td>Kunststufe beim Tag der Harmonika in F\u00fcrstenfeld<\/td>\n<td>Pr\u00e4dikat &#8220;<b>ausgezeichnet<\/b>&#8220;<\/td>\n<\/tr>\n<tr valign=\"top\">\n<td>2001<\/td>\n<td><\/td>\n<td>Oberstufe beim Europ\u00e4ischen Festival in Innsbruck<\/td>\n<td>Pr\u00e4dikat &#8220;<b>ausgezeichnet&#8221;<\/b><\/td>\n<\/tr>\n<tr valign=\"top\">\n<td>2006<\/td>\n<td><b>3.Preis<\/b><\/td>\n<td>Oberstufe beim Tag der Harmonika in Graz<\/td>\n<td>Pr\u00e4dikat <b>&#8220;ausgezeichnet&#8221;<\/b><\/td>\n<\/tr>\n<tr valign=\"top\">\n<td>2007<\/td>\n<td><\/td>\n<td>Oberstufe beim 9. World Music Festival in Innsbruck<\/td>\n<td>Pr\u00e4dikat <b>&#8220;ausgezeichnet&#8221;<\/b><\/td>\n<\/tr>\n<tr valign=\"top\">\n<td height=\"33\">2010<\/td>\n<td height=\"33\"><strong>11.Platz<\/strong><\/td>\n<td height=\"33\">Oberstufe beim 10. World Music Festival in Innsbruck<\/td>\n<td height=\"33\">Pr\u00e4dikat <b>&#8220;ausgezeichnet&#8221;<br \/>\n(<a title=\"10. World Music Festival in Innsbruck \u2013 13.-16.5.2010\" href=\"http:\/\/www2.morino-orchester.net\/?p=350\">Bericht<\/a>)<br \/>\n<\/b><\/td>\n<\/tr>\n<\/tbody>\n<\/table>\n","protected":false},"excerpt":{"rendered":"<p>Nicht nur, dass uns allen das gemeinsame Musizieren viel Spa\u00df bereitet. Wir waren und sind auch einfach gut. Deshalb konnten wir schon einige Preise gewinnen, auf die wir nat\u00fcrlich stolz sind. Jahr Platzierung Kategorie Pr\u00e4dikat[&#8230;]<\/p>\n","protected":false},"author":1,"featured_media":0,"parent":0,"menu_order":0,"comment_status":"closed","ping_status":"closed","template":"","meta":{"ngg_post_thumbnail":0,"footnotes":""},"class_list":["post-27","page","type-page","status-publish","hentry"],"_links":{"self":[{"href":"https:\/\/morino-orchester.net\/index.php?rest_route=\/wp\/v2\/pages\/27","targetHints":{"allow":["GET"]}}],"collection":[{"href":"https:\/\/morino-orchester.net\/index.php?rest_route=\/wp\/v2\/pages"}],"about":[{"href":"https:\/\/morino-orchester.net\/index.php?rest_route=\/wp\/v2\/types\/page"}],"author":[{"embeddable":true,"href":"https:\/\/morino-orchester.net\/index.php?rest_route=\/wp\/v2\/users\/1"}],"replies":[{"embeddable":true,"href":"https:\/\/morino-orchester.net\/index.php?rest_route=%2Fwp%2Fv2%2Fcomments&post=27"}],"version-history":[{"count":3,"href":"https:\/\/morino-orchester.net\/index.php?rest_route=\/wp\/v2\/pages\/27\/revisions"}],"predecessor-version":[{"id":354,"href":"https:\/\/morino-orchester.net\/index.php?rest_route=\/wp\/v2\/pages\/27\/revisions\/354"}],"wp:attachment":[{"href":"https:\/\/morino-orchester.net\/index.php?rest_route=%2Fwp%2Fv2%2Fmedia&parent=27"}],"curies":[{"name":"wp","href":"https:\/\/api.w.org\/{rel}","templated":true}]}}

<table border="0" cellpadding="1">
<tbody>
<tr>
<td colspan="4">Nicht nur, dass uns allen das gemeinsame Musizieren viel Spaß bereitet. Wir waren und sind auch einfach gut. Deshalb konnten wir schon einige Preise gewinnen, auf die wir natürlich stolz sind.</td>
</tr>
<tr>
<td><b>Jahr</b></td>
<td><b>Platzierung</b></td>
<td><b>Kategorie</b></td>
<td><b>Prädikat</b></td>
</tr>
<tr valign="top">
<td>1977</td>
<td><b>2.Preis</b></td>
<td>Hauptstufe beim Tag der Harmonika in Wels</td>
<td>Prädikat &#8220;<b>ausgezeichnet</b>&#8220;</td>
</tr>
<tr valign="top">
<td>1981</td>
<td><b>1.Preis</b></td>
<td>Oberstufe beim Tag der Harmonika in Hallein</td>
<td>Prädikat &#8220;<b>hervorragend</b>&#8220;</td>
</tr>
<tr valign="top">
<td>1983</td>
<td><b>2.Preis</b></td>
<td>Oberstufe beim Tag der Harmonika in Gmunden</td>
<td>Prädikat &#8220;<b>ausgezeichnet</b>&#8220;</td>
</tr>
<tr valign="top">
<td>1983</td>
<td><b>5.Platz</b></td>
<td>Oberstufe beim Harmonikafestival in Innsbruck</td>
<td>Prädikat &#8220;<b>ausgezeichnet</b>&#8220;</td>
</tr>
<tr valign="top">
<td>1985</td>
<td><b>2.Preis</b></td>
<td>Oberstufe beim Tag der Harmonika in Saalfelden</td>
<td>Prädikat &#8220;<b>ausgezeichnet</b>&#8220;</td>
</tr>
<tr valign="top">
<td>1986</td>
<td><b>5.Platz</b></td>
<td>Kunststufe beim Harmonikafestival in Innsbruck</td>
<td>Prädikat &#8220;<b>sehr gut</b>&#8220;</td>
</tr>
<tr valign="top">
<td>1993</td>
<td><b>1.Preis</b></td>
<td>Oberstufe beim Tag der Harmonika in Judenburg</td>
<td>Prädikat &#8220;<b>hervorragend</b>&#8220;</td>
</tr>
<tr valign="top">
<td>1995</td>
<td><b>1.Preis</b></td>
<td>Kunststufe beim Tag der Harmonika in Fürstenfeld</td>
<td>Prädikat &#8220;<b>ausgezeichnet</b>&#8220;</td>
</tr>
<tr valign="top">
<td>2000</td>
<td><b>1.Preis</b></td>
<td>Kunststufe beim Tag der Harmonika in Fürstenfeld</td>
<td>Prädikat &#8220;<b>ausgezeichnet</b>&#8220;</td>
</tr>
<tr valign="top">
<td>2001</td>
<td></td>
<td>Oberstufe beim Europäischen Festival in Innsbruck</td>
<td>Prädikat &#8220;<b>ausgezeichnet&#8221;</b></td>
</tr>
<tr valign="top">
<td>2006</td>
<td><b>3.Preis</b></td>
<td>Oberstufe beim Tag der Harmonika in Graz</td>
<td>Prädikat <b>&#8220;ausgezeichnet&#8221;</b></td>
</tr>
<tr valign="top">
<td>2007</td>
<td></td>
<td>Oberstufe beim 9. World Music Festival in Innsbruck</td>
<td>Prädikat <b>&#8220;ausgezeichnet&#8221;</b></td>
</tr>
<tr valign="top">
<td height="33">2010</td>
<td height="33"><strong>11.Platz</strong></td>
<td height="33">Oberstufe beim 10. World Music Festival in Innsbruck</td>
<td height="33">Prädikat <b>&#8220;ausgezeichnet&#8221;<br />
(<a title="10. World Music Festival in Innsbruck – 13.-16.5.2010" href="http://www2.morino-orchester.net/?p=350">Bericht</a>)<br />
</b></td>
</tr>
</tbody>
</table>

<p>Nicht nur, dass uns allen das gemeinsame Musizieren viel Spaß bereitet. Wir waren und sind auch einfach gut. Deshalb konnten wir schon einige Preise gewinnen, auf die wir natürlich stolz sind. Jahr Platzierung Kategorie Prädikat[&#8230;]</p>
